
What is the thousands digit of 5625?
5
What is the units digit of 22826?
6
What is the thousands digit of 3114?
3
What is the units digit of 43452?
2
What is the tens digit of 15368?
6
What is the units digit of 170?
0
What is the thousands digit of 4506?
4
What is the hundreds digit of 198?
1
What is the units digit of 15539?
9
What is the units digit of 2697?
7
What is the units digit of 1020?
0
What is the units digit of 655?
5
What is the thousands digit of 12725?
2
What is the thousands digit of 4796?
4
What is the units digit of 3453?
3
What is the units digit of 1864?
4
What is the hundreds digit of 4785?
7
What is the tens digit of 647?
4
What is the tens digit of 41011?
1
What is the units digit of 6292?
2
What is the thousands digit of 42197?
2
What is the units digit of 746?
6
What is the units digit of 150083?
3
What is the tens digit of 222?
2
What is the units digit of 3774?
4
What is the thousands digit of 7950?
7
What is the units digit of 2947?
7
What is the ten thousands digit of 116497?
1
What is the ten thousands digit of 57882?
5
What is the hundreds digit of 45483?
4
What is the hundreds digit of 16761?
7
What is the ten thousands digit of 17743?
1
What is the units digit of 2964?
4
What is the ten thousands digit of 12633?
1
What is the hundreds digit of 1737?
7
What is the units digit of 11769?
9
What is the ten thousands digit of 38724?
3
What is the units digit of 53?
3
What is the units digit of 436?
6
What is the ten thousands digit of 154300?
5
What is the tens digit of 1138?
3
What is the ten thousands digit of 21805?
2
What is the units digit of 381?
1
What is the hundreds digit of 3648?
6
What is the thousands digit of 1205?
1
What is the thousands digit of 28985?
8
What is the tens digit of 1198?
9
What is the hundreds digit of 2011?
0
What is the units digit of 254?
4
What is the tens digit of 973?
7
What is the tens digit of 3477?
7
What is the hundreds digit of 16986?
9
What is the thousands digit of 1076?
1
What is the units digit of 9815?
5
What is the tens digit of 2626?
2
What is the tens digit of 4489?
8
What is the units digit of 2?
2
What is the ten thousands digit of 14066?
1
What is the ten thousands digit of 14470?
1
What is the units digit of 37974?
4
What is the hundreds digit of 667?
6
What is the units digit of 261?
1
What is the hundreds digit of 1583?
5
What is the units digit of 3093?
3
What is the hundreds digit of 2565?
5
What is the hundreds digit of 33610?
6
What is the tens digit of 315?
1
What is the thousands digit of 3997?
3
What is the ten thousands digit of 26233?
2
What is the units digit of 259?
9
What is the units digit of 12229?
9
What is the units digit of 126?
6
What is the units digit of 3728?
8
What is the units digit of 255?
5
What is the units digit of 32466?
6
What is the hundreds digit of 2313?
3
What is the units digit of 74521?
1
What is the units digit of 16302?
2
What is the units digit of 153398?
8
What is the thousands digit of 12328?
2
What is the tens digit of 10960?
6
What is the hundreds digit of 2533?
5
What is the tens digit of 8050?
5
What is the hundreds digit of 37072?
0
What is the thousands digit of 32305?
2
What is the thousands digit of 2335?
2
What is the hundreds digit of 1443?
4
What is the tens digit of 124157?
5
What is the hundreds digit of 27616?
6
What is the ten thousands digit of 34151?
3
What is the units digit of 652?
2
What is the units digit of 2196?
6
What is the hundreds digit of 6292?
2
What is the units digit of 13699?
9
What is the thousands digit of 161004?
1
What is the thousands digit of 61294?
1
What is the hundreds digit of 524?
5
What is the tens digit of 555?
5
What is the hundreds digit of 74130?
1
What is the thousands digit of 33569?
3
What is the tens digit of 168?
6
What is the hundreds digit of 6460?
4
What is the units digit of 1462?
2
What is the hundreds digit of 1040?
0
What is the units digit of 5870?
0
What is the thousands digit of 1708?
1
What is the units digit of 2220?
0
What is the hundreds digit of 2780?
7
What is the tens digit of 458?
5
What is the units digit of 352?
2
What is the hundreds digit of 2221?
2
What is the hundreds digit of 11402?
4
What is the tens digit of 895?
9
What is the units digit of 51362?
2
What is the thousands digit of 5534?
5
What is the hundreds digit of 733?
7
What is the hundreds digit of 11280?
2
What is the units digit of 24226?
6
What is the tens digit of 21943?
4
What is the ten thousands digit of 12665?
1
What is the tens digit of 2423?
2
What is the units digit of 32312?
2
What is the thousands digit of 41562?
1
What is the tens digit of 33465?
6
What is the hundreds digit of 1617?
6
What is the hundreds digit of 4167?
1
What is the tens digit of 2717?
1
What is the thousands digit of 13605?
3
What is the units digit of 125?
5
What is the units digit of 35948?
8
What is the tens digit of 297?
9
What is the units digit of 2227?
7
What is the hundreds digit of 82712?
7
What is the units digit of 51191?
1
What is the units digit of 67908?
8
What is the hundreds digit of 3433?
4
What is the tens digit of 35234?
3
What is the thousands digit of 1040?
1
What is the ten thousands digit of 11585?
1
What is the thousands digit of 1365?
1
What is the thousands digit of 11507?
1
What is the hundreds digit of 86163?
1
What is the tens digit of 14907?
0
What is the thousands digit of 78654?
8
What is the tens digit of 1426?
2
What is the tens digit of 5053?
5
What is the tens digit of 1876?
7
What is the units digit of 690?
0
What is the hundreds digit of 7467?
4
What is the hundreds digit of 2139?
1
What is the thousands digit of 8349?
8
What is the thousands digit of 87411?
7
What is the units digit of 1836?
6
What is the tens digit of 5762?
6
What is the ten thousands digit of 22664?
2
What is the units digit of 522?
2
What is the tens digit of 798?
9
What is the units digit of 65?
5
What is the hundreds digit of 59642?
6
What is the hundreds digit of 889?
8
What is the units digit of 87433?
3
What is the hundreds digit of 2747?
7
What is the tens digit of 847?
4
What is the ten thousands digit of 11775?
1
What is the units digit of 1446?
6
What is the hundreds digit of 6508?
5
What is the tens digit of 77249?
4
What is the tens digit of 1699?
9
What is the tens digit of 3169?
6
What is the hundreds digit of 41217?
2
What is the thousands digit of 2301?
2
What is the units digit of 190?
0
What is the tens digit of 4425?
2
What is the ten thousands digit of 17619?
1
What is the tens digit of 711?
1
What is the tens digit of 12460?
6
What is the thousands digit of 1920?
1
What is the ten thousands digit of 17463?
1
What is the thousands digit of 2052?
2
What is the tens digit of 24090?
9
What is the ten thousands digit of 43596?
4
What is the hundreds digit of 668?
6
What is the tens digit of 14647?
4
What is the thousands digit of 40720?
0
What is the tens digit of 5095?
9
What is the tens digit of 883?
8
What is the tens digit of 696?
9
What is the hundreds digit of 418?
4
What is the tens digit of 4908?
0
What is the hundreds digit of 882?
8
What is the tens digit of 27?
2
What is the hundreds digit of 12571?
5
What is the thousands digit of 48462?
8
What is the thousands digit of 3098?
3
What is the hundreds digit of 36135?
1
What is the tens digit of 141758?
5
What is the units digit of 64944?
4
What is the hundreds digit of 681?
6
What is the tens digit of 58144?
4
What is the hundreds digit of 791?
7
What is the units digit of 32103?
3
What is the tens digit of 6645?
4
What is the units digit of 25381?
1
What is the thousands digit of 120607?
0
What is the tens digit of 14159?
5
What is the thousands digit of 16191?
6
What is the tens digit of 1978?
7
What is the ten thousands digit of 37859?
3
What is the units digit of 466?
6
What is the hundreds digit of 1502?
5
What is the hundreds digit of 11994?
9
What is the hundreds digit of 873?
8
What is the hundreds digit of 2049?
0
What is the tens digit of 9746?
4
What is the units digit of 97906?
6
What is the hundred thousands digit of 184706?
1
What is the units digit of 19234?
4
What is the thousands digit of 2508?
2
What is the hundreds digit of 5385?
3
What is the units digit of 10407?
7
What is the units digit of 382?